+ 632 = 7*u - 5*z. List the prime factors of u.
2, 3, 17
Let k(i) = 19*i**2 + i - 54. List the prime factors of k(14).
2, 3, 307
Let k = -1 - -3. Suppose 0 = -2*z - k*z + 16. Let u(h) = -h**3 + 5*h**2 + 2*h - 2. List the prime factors of u(z).
2, 11
Let c(d) = 12*d + 3. Let m be c(2). Let f be 1 + m + (-4 - -1). List the prime factors of 10/f + (-203)/(-5).
41
Let s = 737 - -435. List the prime factors of s.
2, 293
Let d(u) = 4*u**2 - 14*u + 7. Let x be d(3). List the prime factors of x*238 - (-8 - (7 + -12)).
241
Let u(c) be the second derivative of c**4/3 - c**3/6 - 5*c**2/2 - 41*c. List the prime factors of u(4).
5, 11
Let z(r) be the first derivative of r**4/4 - 10*r**3/3 + 4*r**2 + 2*r + 10. Let w be z(8). Let k = w + 112. What are the prime factors of k?
2, 5
Suppose 0 = -5*f + 4*c + 11, 1 - 25 = 4*f + 5*c. What are the prime factors of f/((-2)/(-5) - (-54)/(-110))?
11
What are the prime factors of 6/(-3) - (-13808)/8?
2, 431
Let f(t) be the first derivative of t**3/3 - 5*t**2/2 + 156*t + 22. List the prime factors of f(0).
2, 3, 13
Suppose 2392 = 2*k - 1658. What are the prime factors of k?
3, 5
Suppose -3 = -3*r - 5*x - 7, 5*r = 3*x + 16. Suppose r*p + 1 = -5*d, 5*p + 2*d - 11 = 18. List the prime factors of p.
7
Let p = 1076 + -1071. Suppose 4*j - 3 = -y, -2*j + 2*y + 4 = -0*j. List the prime factors of j + p/(15/216).
73
Let u = 30 - 26. Suppose u*z = 142 + 50. Suppose -z = -4*p + p. What are the prime factors of p?
2
List the prime factors of 4 - (-6)/(54/3393).
3, 127
Let a(w) = 9*w + 636. Let n be a(0). Let s = n + -399. What are the prime factors of s?
3, 79
Let n = 3 - 4. Let z be n*(0 + -3 + 3). What are the prime factors of (z + -1)*(-24 - 0)?
2, 3
Suppose -19 = -6*x - 19. Suppose 3*n + 66 = j, -n + x*n - 142 = -2*j. What are the prime factors of j?
2, 3
Let t = -50 - -70. Suppose -5*s + t = 0, 5*g = -0*g + s + 321. What are the prime factors of g?
5, 13
Let y = 4518 + -2357. List the prime factors of y.
2161
Let w = -97 - -378. What are the prime factors of w?
281
Let g(j) = j**2 - 7*j + 6. Let r be g(6). Suppose -2*m = z - 116, r = -5*m - 0*z + 4*z + 290. List the prime factors of m.
2, 29
List the prime factors of 12/20 + (-33858)/(-45).
3, 251
Let f(x) = x**3 + 6*x**2 - 16*x - 15. Let a be f(-6). Suppose 0 = -4*s + 5*u + 548, -a = -s + 4*u + 56. List the prime factors of s.
137
Let o(v) = 2*v + 5. Let g be 1/(((-5)/(-7))/5). Suppose 8*q - 7*q = g. What are the prime factors of o(q)?
19
Let z(s) = -2*s**2 - 13*s + 3. Let a(b) = -b**2 - 6*b + 2. Let n(t) = -13*a(t) + 6*z(t). Let j be n(0). List the prime factors of j/24 + 308/6.
3, 17
Suppose -499 = -2*y + 5*s, -179*s + 182*s - 3 = 0. List the prime factors of y.
2, 3, 7
Let b(y) = -y**3 - 9*y**2 + 6*y - 14. Let p(j) = -j**2 - 3*j - 5 + 2*j + j - 4*j. Let s be p(-5). What are the prime factors of b(s)?
2, 13
Let h be (-6)/30 - (-71)/5. Suppose h*p - 24 = 10*p. List the prime factors of 60*(2 + (-8)/p).
2, 5
Let i(k) = -k + 10. Let l be i(8). Suppose 180 = l*f + 18. What are the prime factors of f?
3
Let l(w) be the first derivative of 9*w**2/2 - 24*w - 20. List the prime factors of l(7).
3, 13
Let a = 534 + -330. List the prime factors of a.
2, 3, 17
Let h(p) = p**3 - 10*p**2 + p - 4. Let v be h(10). Suppose v*n - 180 = 90. Let c = -14 + n. List the prime factors of c.
31
Suppose 2*m - 5*o + 17 = 0, -4*o = m - 17 - 7. Suppose 4*y = -3*k + 1 + 21, m*y = 16. Let r(q) = q**3 - q**2 - 2*q + 3. List the prime factors of r(k).
3
Let d(y) = -11*y**2 - 9*y + 5. Let a be d(2). Let l = a - -74. List the prime factors of l.
17
Let p(j) = -2*j - 7. Let k be p(-6). Suppose -k*m - 5 = -20. Suppose -m*n + 105 = 33. List the prime factors of n.
2, 3
Suppose -d - 3*d = 5*v - 39, -5*v - d = -51. Suppose 7*x - x + 84 = 0. Let z = v - x. What are the prime factors of z?
5
Let u be -3*(-4)/3 + (-2)/1. Suppose w - 265 = -3*s, u*w - 4*w = 4*s - 350. What are the prime factors of s?
2, 3, 5
Let f(x) = 13*x - 193. List the prime factors of f(26).
5, 29
Let d = 65 + -21. Let i = 144 - d. Let s = -65 + i. What are the prime factors of s?
5, 7
Let x = -1 - -5. Suppose 5*f + x*t = -0*t + 9, f = -t + 1. Suppose f*q - 36 - 29 = 0. What are the prime factors of q?
13
Let r be 1/(-1 + 16/20). Let u(q) = -q + 1. Let h be u(r). Let n(l) = 5*l - 9. List the prime factors of n(h).
3, 7
Let d be ((-40)/24)/(2/(-6)). Suppose -w - 15 = -3*j + 2*w, -2*j - 3*w = d. Suppose 8 = j*b - b. What are the prime factors of b?
2
List the prime factors of (-20 + (0 - 0))/((-38)/1463).
2, 5, 7, 11
Suppose -2*w + 1404 = -2*k - 938, 3*k = -5*w + 5815. What are the prime factors of w?
2, 11, 53
Let y(l) = -l - 1. Let t be y(-6). Let j be -2 + 2/5 + (-1219)/(-115). Suppose -t*v - 56 = -j*v. List the prime factors of v.
2, 7
Let b = -24 - -32. Let s = 6 - 4. Suppose -s*p + 0 = -b. List the prime factors of p.
2
Let l be (-1)/((-4)/(-6) + -1). Suppose c + 10 = 3*s - 0*s, -3*s = l*c + 6. What are the prime factors of 3/s + 656/32?
2, 11
Let j = -69 - -63. What are the prime factors of (-49)/((j/(-9))/((-4)/6))?
7
Let g(m) = m**3 + 3*m - 2. Let s(x) = x**3 - 14*x**2 + x - 12. Let n be s(14). What are the prime factors of g(n)?
2, 3
Let t be 60 + (-1)/(3 + -4). Let g = t - 1. Suppose -2*k = k - g. What are the prime factors of k?
2, 5
Suppose 0 = 3*v - 5*d - 25, 2*v - 2*d + 7 = 21. Suppose j - 4*a = 212, 0*j = 5*j + 3*a - 1106. Suppose -v*y = 5 - j. List the prime factors of y.
43
Let k(d) = -2*d - 8. Let t be k(-6). Suppose t*p + s - 225 = -0*p, -p + 3*s = -66. List the prime factors of p.
3, 19
Let l be 1*(2 + 0) - 2. Suppose 6*z - 4*z = l. Suppose y - 15 + 5 = z. List the prime factors of y.
2, 5
What are the prime factors of (45/6)/(2/216)?
2, 3, 5
Let z = -18 + 23. Suppose 9*w - z*w - 220 = 0. List the prime factors of w.
5, 11
Let b = -66 - -664. List the prime factors of b.
2, 13, 23
Let b(p) = -6*p**2 + p - 2. Let d(s) = -18*s**2 + 4*s - 7. Let w(k) = -7*b(k) + 2*d(k). Let c be w(-1). Suppose c*m - 11 = 44. List the prime factors of m.
11
Let u = 316 + -73. Suppose -u = 3*w - 1026. List the prime factors of w.
3, 29
Suppose 5*g - 5*t - 9190 = 0, 5*t - 19 + 4 = 0. List the prime factors of g.
7, 263
Let l = -322 - -851. What are the prime factors of l?
23
Let c(b) = -2*b + 0 + 10*b**2 + b**3 + 4*b - 5 - 6. What are the prime factors of c(-9)?
2, 13
Let n = -8 - -8. Suppose j + 4 = 2*f, n = 4*j - f + 3*f - 24. Suppose 2*l + j = 8. What are the prime factors of l?
2
Suppose 4*w = -5*s + 604, 4*w + 8*s - 608 = 4*s. List the prime factors of w*((-3)/(-2) + -1).
2, 3, 13
Suppose 4 = -4*k - 36. Let d be (-40)/6 - k/15. List the prime factors of (-4)/d + 64/3.
2, 11
Suppose -z + 32 + 56 = 4*c, 2*c + 262 = 4*z. What are the prime factors of z?
2, 17
Let c(h) = 2*h**2 - h - 9. Let b = 24 - 20. Let a be (b/(-5))/((-1)/5). What are the prime factors of c(a)?
19
Let m = -27 + 20. Let x(q) = -11*q + 11. List the prime factors of x(m).
2, 11
Suppose 5*i - 3*i = -5*t + 567, 3*t + 2*i - 341 = 0. Let c = t - 63. What are the prime factors of c?
2, 5
Let p(u) = -2*u**3 + 5*u**2 + 9*u. Let s be 3/6*2*-4. What are the prime factors of p(s)?
2, 43
Suppose z - 217 = 2*q, -3*z + 6*z = -4*q + 621. List the prime factors of z.
211
Let q(s) = 31*s**2 + s + 0*s - 30*s**2 + s + 115. What are the prime factors of q(0)?
5, 23
Suppose d + 2*k - 90 - 78 = 0, 519 = 3*d + 3*k. List the prime factors of d.
2, 89
Let l(b) = 4*b - 266 + 541 - 273 + 5*b**2. Let d(v) = -v**3 - 7*v**2 - 5*v + 3. Let u be d(-6). What are the prime factors of l(u)?
5, 7
Let a(k) = -74*k**2 - 2*k**3 - k**3 - 7*k + 67*k**2 + 2*k**3 - 6. Let d be a(-6). List the prime factors of 44/3*3 + d.
2, 11
Suppose 4238 = 5*d - 1302. Suppose 4*v + 0*f = f + 882, 4*f + d = 5*v. What are the prime factors of v?
2, 5, 11
Let d be (169/26)/((-1)/(-10)). Suppose -b = 3*x - 37 - 2, -5*x + 2*b = -d. List the prime factors of x.
13
What are the prime factors of 48 + -42 + 391 + 0?
397
Let b(a) = 3*a**3 - 2*a**2 - 6*a + 10. Let c be b(4). Suppose 58 - c = -8*r. List the prime factors of r.
11
Suppose -4*g + 47 - 11 = 0. Suppose 7*s - g*s = -82. Let x = s - 9. List the prime factors of x.
2
Suppose -5*s = 5*z - 3435, 6*z = 7*z + 5*s - 703. List the prime factors of z.
683
List the prime factors of (-9 + 7